te s(6).
-5
Let o(h) = h**3 + 5*h**2 - 5*h + 1. Let d(w) = -70*w + 64. Let l be d(1). Give o(l).
-5
Let a(o) = -o**3 + 24*o**2 - 21*o - 39. Let z be a(23). Let w(u) = u**2 - 7*u + 5. What is w(z)?
5
Let o(i) = -i**2 + 7*i + 4. Let v(q) = -6*q + 13. Let r be v(-7). Let t = r - 48. Determine o(t).
4
Let z(j) = 2*j**3 + 8*j**2 - 4*j + 3. Let s(x) = x**3 + 8*x**2 - 5*x + 1. Let q(a) = 3*s(a) - 2*z(a). Give q(7).
-3
Let q(u) be the second derivative of 7*u**4/12 - 2*u**3/3 + u**2 - 234*u. What is q(2)?
22
Let o(n) be the second derivative of -n**3 + n**2 - n. Let i = -36440 + 36444. Determine o(i).
-22
Let x = 14 - 10. Suppose x = -4*f + 16. Let l(s) = -3*s**2 + 4*s + 7 - 3 + s**3 - 3*s. Calculate l(f).
7
Let g(i) = i**3 - 16*i**2 + 2*i - 2. Let n be g(16). Let c = n - 32. Let f(v) = -3*v. Give f(c).
6
Let f(y) = -6*y**3 - y**2 - 3*y - 2. Let w be f(-1). Let v be w*((-12)/(-8) - 3). Let p = 6 + v. Let a(r) = r**2 + r - 1. Calculate a(p).
5
Suppose -12*c - 38 = 10. Let z(l) = -9*l - 5. Determine z(c).
31
Let s(f) = 8*f - 4. Let v(n) be the first derivative of -23*n**2/2 + 11*n + 2. Let z(i) = -8*s(i) - 3*v(i). Determine z(1).
4
Let l(f) be the third derivative of -10*f**2 + 0*f - 2/3*f**3 - 1/24*f**4 + 0. Give l(-8).
4
Let m(d) = -4*d + 3809 - 3809. Give m(1).
-4
Let n be (-1)/((33/(-60))/11). Let q(p) = 21 + 2*p - 42 + n - p. Determine q(6).
5
Let y(w) = -w**2. Let i = 14 + 5. Suppose -22*h - 3 = -i*h. Calculate y(h).
-1
Let c(p) = -5*p**2 - 16*p - 2. Let u(w) = -15*w**2 - 43*w - 6. Let d(h) = -8*c(h) + 3*u(h). Determine d(2).
-24
Let d be 4/6 - 4/6. Let u(w) be the second derivative of 13/2*w**2 + 1/6*w**3 + 0 - 6*w. Determine u(d).
13
Let w(q) = -q**2 + 11*q - 5. Let k be w(10). Let l(p) = -2*p**2 + 3*p - 6. Let z(n) = -n**2 + 2*n - 3. Let t(j) = k*z(j) - 3*l(j). Give t(0).
3
Let w(x) = 16 + 63*x**3 - 32*x**3 + 27*x + 12*x**2 - 32*x**3. Give w(14).
2
Let c(m) = -m**2 + 5*m + 3. Let q be c(6). Let l(f) be the second derivative of 1/12*f**4 - 34*f + 1/6*f**3 + 0 + f**2. Determine l(q).
8
Suppose -28 + 18 = -5*a. Suppose h = a*h. Suppose 2*m + 2 = -h. Let p(j) = -2*j**3 + 2*j**2 + 2*j + 1. Calculate p(m).
3
Let h(w) be the second derivative of -8*w - 7/2*w**2 + 0*w**3 + 1/12*w**4 + 0. What is h(0)?
-7
Let c(k) = -k**3 - 4*k**2 - 4*k - 2. Let q be c(-3). Let h(x) = -6*x**3 + x**2 - 1. Calculate h(q).
-6
Let u(k) = -k - 32. Let j be u(-23). Let s(a) = a**2 + 8*a - 3. Calculate s(j).
6
Let o(f) = -2*f**3 - f**2 + f - 1. Let x(p) = 8 + 2*p**2 + 1 + 2*p + 4*p + 11*p. Let u be x(-8). What is o(u)?
-3
Let a(w) = -w**3 + 6*w**2 - 5*w + 3. Let z be (-13)/(-2) - 185/74. What is a(z)?
15
Let c = -9 - -13. Let n(t) = -t - 3. Let a(o) = -o - 3. Let j(w) = w + 10. Let l be j(-13). Let p(g) = l*a(g) + 4*n(g). What is p(c)?
-7
Let j(t) = -8*t - 2. Let k(w) = -23*w + 1. Let h(s) = 3*j(s) - k(s). What is h(-4)?
-3
Let l(b) be the second derivative of -2*b**3/3 + b + 193. Give l(-1).
4
Suppose 0 = 2*s - s - 7. Let v(q) = q**3 + q**2. Let i(l) = -2*l**3 + 7*l**2 - 9*l + 10. Let g(u) = i(u) + v(u). Determine g(s).
-4
Let y(b) = 5*b. Let g be (2/4)/(-1*2/(-120)). Let x be (6/g)/((-2)/(-10)). Determine y(x).
5
Let z(j) be the first derivative of j**4/4 + j**3/3 - j**2/2 + 58*j - 210. Give z(0).
58
Let r(w) = w - 1. Let z(g) = -7*g - 1. Let s(a) = 3*r(a) + z(a). Calculate s(1).
-8
Suppose -5*c = -2*r + 7 + 12, -3*r + 21 = -5*c. Let g(y) = -y**3 + 3*y**2 + 2*y. Give g(r).
8
Let v(r) = -3 - 4*r**2 + 5 - r**3 + 3*r**2 + r + 6. Determine v(0).
8
Let d(u) = -u**3 + 16*u**2 + 17*u + 3. Suppose -103 = 10*y - 273. Give d(y).
3
Let t(l) = -16*l + 317. Let w be t(20). Let f(y) = y**2 + 5*y + 9. What is f(w)?
3
Let f(q) = -5*q**2 - 12*q - 8. Let x(i) = -9*i**2 - 23*i - 15. Let c(l) = 7*f(l) - 4*x(l). Give c(-5).
-11
Let a(x) = x**3 + 7*x**2 - 7*x + 3. Suppose 0 = -3*u + 6*u - 36. Suppose 0 = 2*n - r + u, -4*n - 52 = r + 4*r. Determine a(n).
-5
Suppose -o + 1 = -5. Let z = 1 - o. Let m(d) = d**3 + 5*d**2 - 4. Give m(z).
-4
Let g(i) be the third derivative of -i**5/60 - i**3/6 + i**2 + 73*i. What is g(6)?
-37
Let j(y) be the second derivative of -y**4/24 + 2*y**3/3 - y**2/2 + 4*y. Let w(r) be the first derivative of j(r). Determine w(6).
-2
Suppose -3*m = -5*z - 0 + 4, z = -5*m + 12. Let k(l) = -10*l - l**3 + 13*l + 2 - 3*l**z + 0*l**2. Suppose 9*u - 5*u + 16 = 0. Determine k(u).
6
Let g(b) = b**2 + 8*b + 2. Let p = -33 + 35. Let k(y) = -2*y**3 + 3*y**2 - 3*y + 4. Let q be k(p). Determine g(q).
-10
Let w be (-4)/(-12) + 40/(-12). Let m(z) = -z**3 - 5*z**2 - 2*z + 6. Let n be m(w). Let q(h) = -h**2 - 8*h - 6. Determine q(n).
6
Let p(t) = -t**3 + 12*t**2 - 10*t - 11. Let q(r) = -r**2 + 12*r - 9. Let c be q(10). Let l be p(c). Let x(i) = -i**3 + i**2 + i + 2. Give x(l).
2
Let p(n) = 1. Let i(y) = -4*y + 1. Let k(a) = i(a) - p(a). Suppose -5*q - 2*m - 7 = -6*m, -2*q = -2*m + 4. What is k(q)?
-4
Let b = 312 + -310. Let s(x) = 3*x**2 - 8*x + 2. Calculate s(b).
-2
Let k(j) = -204414 - 7*j - 2*j**2 - 6*j + 204422 + j**3. What is k(5)?
18
Let w(c) = c**3 - 3*c**2 + 9*c + 2*c**2 + 9 + 9*c**2. Let l be w(-7). Let h(n) = n**2 - 2 + 11*n**2 - 2 + 4*n - 11*n**2. Calculate h(l).
1
Suppose 2*m + f + 33 = 128, 0 = -2*m + 4*f + 100. Let y = 47 - m. Let v(d) = -4*d**2 - d - 1. Determine v(y).
-4
Let o(k) = k**3 + k**2 - 1. Let f = -2 + 10. Let b = 38 + -28. Suppose -4 = b*s - f*s. Determine o(s).
-5
Let p = 45 + -42. Let t be (-2)/4 - (-26)/4. Let r be 2/t + 8/p. Let s(h) = h**2 + h - 2. What is s(r)?
10
Let k(x) = x**2 + 10*x - 16. Let r be k(1). Let o = 6 - 4. Let i(g) = 0*g**2 + o*g**2 + 3 - g**2 + 6*g. Calculate i(r).
-2
Suppose -l = 5*b + 22, 4*b + 5 = -l - 4*l. Let i(d) = 126*d + 9. Let f(o) = 38*o + 2. Let z(h) = 10*f(h) - 3*i(h). Give z(l).
-1
Let v(a) = -a**2 + 3*a + 2. Let i = 13 + 1. Suppose p + i = 8*p. What is v(p)?
4
Let r(h) = 5*h + 10. Let n(j) = 10*j + 19. Suppose l + 5*x = 6*l - 15, 5*l - 5 = -5*x. Suppose -3*g = l*g - 30. Let t(z) = g*n(z) - 11*r(z). Give t(-4).
-16
Let q(v) = -2*v + 7. Let r = 3 + 0. Give q(r).
1
Let f(o) = o - 8. Let p be f(10). Let z be (-6)/(p*(-9)/12). Let u(k) = k**3 - 3*k**2 - 5*k + 3. Give u(z).
-1
Let h(o) = -24 + 58 + 3*o - 33. Determine h(-3).
-8
Suppose -5*v - 4*t = -6, 2*v - 3*t - 8 + 1 = 0. Let c(j) = 4*j - 4. Determine c(v).
4
Suppose 6 = 2*m - 0*m. Suppose 2*f + 6 = m*f. Let n(u) be the first derivative of -3*u**2/2 + 8*u - 1. Calculate n(f).
-10
Let f(o) = 32*o. Let d be ((-210)/84)/(5/(-2)). Determine f(d).
32
Let q(m) = -327*m - 308*m + 637*m - 16. Calculate q(5).
-6
Suppose -u = -4*c + 6, 12 - 30 = -5*c - 4*u. Suppose -h + c = r - 0, r + 2*h = -1. Let w(m) = 0*m + 2*m - 6 - m. Give w(r).
-1
Let o(c) = -3*c - 4. Let k be -3*((-2)/6 + 1 - 1). Let r(f) = f - 1. Let u(j) = k*o(j) - 2*r(j). Calculate u(2).
-12
Let o(n) = n. Let x = 29 + -35. Let l(g) = -g**2 + 7*g - 10. Let f(m) = x*o(m) + l(m). Suppose 0 = -c + 2*c. What is f(c)?
-10
Let c(z) = 3*z - 3*z - 6*z + 11*z + 1. Give c(3).
16
Let c = -13 + 20. Let d(r) be the third derivative of r**4/24 - r**3 - 2*r**2 + 16*r. What is d(c)?
1
Let m be (-17)/(-3) + 2/(-3). Suppose -m*c - 50 = -5*v, 4*c = -0*v + v - 25. Let u(g) = -g**3 + 6*g**2 - 7*g + 6. What is u(v)?
-4
Let o(j) = -7*j. Let y(f) = 2*f**2 - 10*f - 3. Let p be y(6). Suppose 9*d - p = 6*d. Calculate o(d).
-21
Suppose 0 = -o - 2*o + 9. Let z(w) be the second derivative of -w**4/6 + w**3/3 - 3*w**2/2 - 13*w + 21. Give z(o).
-15
Let s = -169 - -172. Let y(w) be the third derivative of 5/24*w**4 - 5*w**2 + 0 - 5/6*w**s + 0*w - 1/60*w**5. Give y(4).
-1
Let q(r) = -r**2 - 8*r + 6. Let a be 4/(4*-1) + 17. Suppose 0*z - 2*z = a. Let i be q(z). Let y(c) = c + 2. Calculate y(i).
8
Let y = -9 - -12. Let j(c) = -12*c + y*c - 1 + 8*c. What is j(1)?
-2
Let z(w) be the third derivative of -w**6/120 - w**5/15 + 5*w**4/24 + 5*w**3/6 - 2*w**2 + 5. Suppose -v - v - 10 = 0. Determine z(v).
5
Let c(l) = -4*l**3 + 2 - 1 + 3*l**3 + 3*l**2 + 1 + l. Let b(g) = g**3 - g**2 - 6*g. Let r be b(3). Suppose 4*a = -v - 6, -2*v + 6 = -a - r*a. Determine c(v).
8
Let v(a) be the first derivative of -a**3 - 3*a**2/2 - 2*a + 167. What is v(-1)?
-2
Let j(l) = -5 + 201*l - 93*l - 100*l. Give j(2).
11
Let u(n) be the first derivative of n**4/4 + n**3/3 - 4*n**2 + 2*n + 652. Calcu